11)*3/2. Suppose -5*s + v = -888. What is the tens digit of s?
9
Suppose -2*r + 12783 = 5*f, -2*f - 204*r + 207*r + 5098 = 0. What is the thousands digit of f?
2
Let o(q) = 5*q**2 + 35*q - 31. Let h = -248 + 231. What is the hundreds digit of o(h)?
8
Let u be ((-170)/8)/(-5) + (-18)/72. Suppose -3*q = 3*i - 2826, u*i = 3*q - 4*q + 3753. What is the tens digit of i?
3
Let i(l) = -4*l - 10. Let p be i(-4). Let o be -1 + 1374/9*9/p. Suppose o - 86 = 2*x. What is the tens digit of x?
7
Suppose -4*b + 201336 = -4*q, -61*q = 5*b - 60*q - 251676. What is the units digit of b?
5
Let i = 25908 + -13960. What is the hundreds digit of i?
9
What is the tens digit of 266 + -291 - 1*-60052?
2
Let o = -381 - -385. Let g(u) = 47*u**2 - 14*u + 42. What is the tens digit of g(o)?
3
Suppose o + s + 0*s = 5, -4*o + 50 = -2*s. Suppose 2740 + 100 = o*j. Let f = -194 + j. What is the tens digit of f?
9
Let a(n) = -n**3 + n**2 + 5*n + 1. Let p be a(-2). Suppose p*i = 5*u + 796, 3*i + 4*u - 797 = 8*u. What is the tens digit of i?
6
Let b = 274 + -267. What is the hundreds digit of -3 + b + -8 - (-272)/2?
1
Suppose 2 = 29*h - 56. What is the units digit of h/(-3)*22686/(-76)?
9
Let k be 1/3 + 30/18. Suppose -11*q = -13*q + k, 1453 = 3*x - 5*q. What is the tens digit of x?
8
Suppose -7389 = -3*h - 3*i - 0*i, 5*i - 2455 = -h. What is the hundreds digit of h?
4
Suppose 0 = -7*x + 32 - 11. Suppose -x*s = -4*a - 1867, 14*a - 19*a - 2491 = -4*s. What is the hundreds digit of s?
6
Let i be (3 - 16/4 - -151) + 3. Let t = i - 66. What is the tens digit of t?
8
Suppose -z - k = -17866, -3*z + 10921 + 42635 = -4*k. What is the ten thousands digit of z?
1
Let i = -1607 - -5594. What is the units digit of i?
7
Let d(n) be the second derivative of -3*n**5/20 - n**4/12 + 3*n**2/2 + 7*n. Let w be d(-3). Let u = 188 - w. What is the hundreds digit of u?
1
Let k = -1093 - 149. Let z = k + 2018. What is the hundreds digit of z?
7
What is the units digit of -845 + 850 + (-8446)/(-2)?
8
Suppose -1586 = -9*h + 1420. What is the hundreds digit of h?
3
What is the tens digit of 573260/(-22 - -42) + -11?
5
Let s = 25248 - 17790. What is the units digit of s?
8
Let w(t) = 4*t + 18. Let c be w(-4). Let v be (1/c)/((-3)/102). Let g(y) = -4*y - 1. What is the units digit of g(v)?
7
Let j be (1057/(-21))/(1/(-3)). Suppose -z - 482 = j. Let t = -443 - z. What is the hundreds digit of t?
1
What is the hundreds digit of 115014/9 + (-830)/249?
7
Let d = -1007 - -1010. Suppose g + 2 = -4*g + 3*k, -2*k + 4 = -2*g. Suppose -2*a - 256 = -d*v, 4*v + g*a - 450 = -118. What is the tens digit of v?
8
Let c(m) = 14*m + 279. Suppose -3*a - 80 = -179. What is the tens digit of c(a)?
4
Let d(w) = -4*w**3 + w**2 + w + 1. Let x be d(-1). Suppose -1 - x = 2*p, 2*p = -h - 4. What is the units digit of h + 87 + (-7 - -9)?
1
Let t be 2/(-8) - 420/240. Let b(x) = 362*x**2 + 4*x + 3. What is the thousands digit of b(t)?
1
Let j(q) = 14*q**3 + 2*q**2 - 1. Suppose -14*d + 8 = -6*d. Let k be j(d). Suppose -k*b - 71 = -311. What is the units digit of b?
6
Suppose 0 = -2*u + p + 9, -2*u - p + 7 = -4. Suppose 11 = -4*k - 5*j, 5*k + u*j + 12 = 2*k. What is the tens digit of 1 - k/(3/(-42))?
1
Let a be 4*(6 - 10/2). Suppose a*j - 1125 + 305 = 0. What is the hundreds digit of j?
2
Suppose 0 = 24*h - 27*h - 9, 2*g = -5*h + 7579. What is the tens digit of g?
9
Let r(v) = -6*v + 294. Let q = -47 + 47. What is the hundreds digit of r(q)?
2
Suppose 0 = -6*n - 225 + 111. Let q(j) = -j**3 - 18*j**2 + 11*j + 31. What is the tens digit of q(n)?
8
Suppose 0 = -2*a + 3*q + 24 - 11, 0 = a - 2*q - 8. Suppose 0*o - 2194 = -a*o. What is the units digit of o?
7
Let j(k) = -2*k**2 + 63*k + 52. Suppose -2*t - 74 = -3*c, 5*c - 5*t = 7*c - 81. What is the hundreds digit of j(c)?
2
Let s be 1 + 1407 + -43 + 45. Suppose n = -5*z + s, 12*n - 14*n - 282 = -z. What is the units digit of z?
2
Suppose 0 = -170*c + 137*c + 580668. What is the tens digit of c?
9
Suppose 109 = 3*h - 377. Let t = h - -150. What is the tens digit of t?
1
Let y = 24632 - 21506. What is the tens digit of y?
2
Suppose m = -17 + 423. Suppose 15*f - m = 8*f. Suppose z - 129 = f. What is the tens digit of z?
8
Suppose -9*l - 23 = -14. What is the tens digit of (-2 - l*17)*48/30?
2
Let p be 1 - 2/4*-2. Suppose 5*k = -o - 788, o + 2 = p*o. Let n = -89 - k. What is the units digit of n?
9
Let b be 112/(-6)*36/(-24). Suppose 9712 = b*i - 12*i. What is the hundreds digit of i?
6
Let p(u) = u**3 - 8*u**2 - 6*u - 22. Let c be p(9). Suppose 0 = -c*x + 2*j - 4062, 2438 = -x - 2*x + j. What is the units digit of 12/20 + x/(-10)?
2
Suppose 0 = 3*i + 19*i - 4158. Let p = i + -173. What is the tens digit of p?
1
Let k(a) = -2*a - 3. Let s be 306/(-90) - 4/(-10). Let f be k(s). Suppose -f*x + l = 4*l - 192, 4*x - 256 = 3*l. What is the units digit of x?
4
Let g = 398 + -400. What is the units digit of 7839/(-39)*g/3?
4
What is the ten thousands digit of ((-148)/3)/((-168)/67284)?
1
Let a(z) = 4*z**2 + 4*z + 5 - 1 + 5*z. Suppose 22*l = 34*l + 72. What is the tens digit of a(l)?
9
Let s = 319 + 455. What is the units digit of 45/36 + (2 - s/(-8))?
0
Let o(v) = 4*v**2 - 85*v - 1073. What is the thousands digit of o(-51)?
3
Suppose -10*v + 12 = -6*v. Let a(b) = -2*b + 0*b**v + b**3 + 14*b**2 - 84 + 45 + 40. What is the tens digit of a(-12)?
1
Suppose 2*h - 2*b = 10, -h + 4*b - 8 = -4*h. What is the hundreds digit of h/10 - 4396/(-10)?
4
Suppose 0 = -3*l + 4*k + 8872 + 11479, -5*k = 2*l - 13575. What is the hundreds digit of l?
7
What is the thousands digit of -1551*(62/(-6) + 8/12 + -5)?
2
Suppose -847*x + 852*x + 5*h = 199945, -5*h + 30 = 0. What is the thousands digit of x?
9
Let i be 3 + 1 - 0 - 1. Suppose -2*h + 4*f = -816, i*h + 4*f = -0*h + 1254. Suppose h - 120 = 3*s. What is the tens digit of s?
9
Let z = -15957 + 27444. What is the hundreds digit of z?
4
Let n = 53 - 51. Let p(t) = 220*t**2 + 7*t - 6. Let x be p(n). Suppose -7*r + x = -r. What is the units digit of r?
8
Let h(g) = g**2 - 18*g + 53. Let k be h(15). Let t(l) = -l**3 + 12*l**2 - 21*l + 37. What is the units digit of t(k)?
5
Let r be (58/(-10))/(39/(-195)). Suppose -r*j + 41*j - 7692 = 0. What is the units digit of j?
1
Let d(l) = -23*l**3 + 5*l**2 - 2. Let p = 140 + -142. What is the hundreds digit of d(p)?
2
Suppose 0 = -23*n - 12*n + 2660. Suppose 180 = 4*i - 188. Let s = i + n. What is the tens digit of s?
6
Let r = -228 - -244. Suppose 8*z = 56 + r. What is the units digit of z?
9
Let c = -72 + 84. Let i = c - 7. Suppose 3*z = -2*j + 262, -i*z - 2*j = j - 437. What is the units digit of z?
8
Suppose 5*l = n + 4, -5*l + 9 - 1 = -2*n. Suppose 2*k - 291 - 37 = l. What is the tens digit of k?
6
Let l(m) be the first derivative of -22*m**2 + 58*m + 100. What is the units digit of l(-9)?
4
Let d = 63 + -59. Let v be (d - -150) + -1 + 4. Suppose -v = -2*a + 113. What is the hundreds digit of a?
1
Suppose 0 = 3*r + 4 + 14. Let v be (4/(2*r))/((-2)/18). Suppose -v*i - 2*i + 60 = -3*u, 5*u = -2*i + 24. What is the tens digit of i?
1
Suppose -3*x - 39 = -2*i, 8*x = 4*x - 20. Let y = i + 95. What is the units digit of y?
7
Let g(u) = -u - 4. Let r(c) = -c**3 + 11*c**2 - 19*c + 14. Let l be r(9). Let w be g(l). What is the units digit of 6/w - -2*253/3?
8
Let w = 123 - 130. What is the units digit of (-3)/49*w - 508/(-7)?
3
Let p(h) = 28*h**2 + 9*h + 350. What is the units digit of p(-15)?
5
Suppose -y + 16 = -3*h + 4*y, 8 = -2*y. Let b(f) = -25*f - 9. What is the tens digit of b(h)?
9
Let n = 35 + -34. Let f(j) = 388*j**2 + 9*j - 3. What is the units digit of f(n)?
4
What is the hundreds digit of ((-126750)/(-182) - -26) + (-6)/14?
7
Let s = -20202 - -34540. What is the hundreds digit of s?
3
What is the tens digit of 7572 + 1/2 + 3/(-6)?
7
Let k be -6*1*(-1)/(-3)*-43. Let c = 43 + k. Suppose -5*u + 2*y = -480, -2*u + 4*y + 63 = -c. What is the tens digit of u?
9
Let t(w) = 80*w - 17. Let o = -109 + 112. What is the hundreds digit of t(o)?
2
Suppose -61*a + 60*a - 4*x + 7699 = 0, x + 7729 = a. What is the hundreds digit of a?
7
Suppose -74*h = -204663 - 4643817. What is the thousands digit of h?
5
Let p be (12/20)/((-27)/(-15))*9. Suppose p*s - 38 = -14. Suppose -7*y + s*y = 49. What is the units digit of y?
9
Let a be (-3)/3 - (4 +